g) = -13*g**3 + 175*g**2 - 74*g - 47. Determine k(13).
5
Let s(c) = 540*c - 3730. What is s(7)?
50
Let w(p) = 2*p**2 + 74*p + 421. What is w(-7)?
1
Let d(z) = 2*z**2 - 14*z - 24. Give d(7).
-24
Let k(l) = 2*l**2 - 2*l - 202. Calculate k(12).
62
Let o(h) = h**3 - 11*h**2 - 20*h + 330. Determine o(10).
30
Let k(z) = -2*z**2 + 130*z + 11839. Give k(-51).
7
Let c(z) = -z**3 - 88*z**2 + 5287*z + 81. Give c(41).
-1
Let b(h) = 3*h**3 + 10*h**2 + 10*h + 57. Calculate b(-4).
-15
Let q(a) = a**3 + 248*a**2 + 7628*a - 847. What is q(-212)?
1
Let y(c) = -c**3 + 8*c**2 + 18*c - 7. Determine y(9).
74
Let f(j) = 4135*j + 28942. What is f(-7)?
-3
Let q(o) = 2*o + 88. Determine q(-19).
50
Let j(n) = 10*n**2 - 32*n - 5. What is j(7)?
261
Let d(t) = 4*t**2 + 666*t - 4852. Calculate d(7).
6
Let i(t) = -9*t - 101. Calculate i(-12).
7
Let b(c) = -4*c**3 + 49*c**2 - 27*c + 6. Calculate b(11).
314
Let s(y) = 16*y**2 + 176*y - 658. Calculate s(3).
14
Let a(f) = 311*f - 1213. Determine a(4).
31
Let c(g) = 235*g - 2616. Calculate c(11).
-31
Let t(p) = -401*p**2 - 73382*p + 188. Determine t(-183).
5
Let t(a) = -95*a + 179. Determine t(2).
-11
Let d(m) = 424*m - 332. Calculate d(2).
516
Let o(c) = -13*c**2 - 94*c + 17. Calculate o(-7).
38
Let o(h) = h**2 - 413*h - 1. Determine o(0).
-1
Let b(c) = -209*c + 22383. Determine b(107).
20
Let v(r) = -13*r**2 + 12*r + 66. Determine v(-9).
-1095
Let x(v) = 31*v + 800. What is x(-26)?
-6
Let k(m) = -2*m**3 - 5*m**2 + 36*m - 24. What is k(3)?
-15
Let m(x) = 39*x - 2611. Determine m(67).
2
Let q(h) = h**3 - 21*h**2 + 47*h - 10. Give q(19).
161
Let f(o) = -11*o**3 - 224*o**2 - 75*o + 108. What is f(-20)?
8
Let w(q) = -q**3 + 100*q**2 + 422*q + 16. Calculate w(-4).
-8
Let g(w) = w**3 - 41*w**2 - 47*w - 1684. Give g(43).
-7
Let r(g) = -370*g - 1844. Determine r(-5).
6
Let k(z) = -z**2 - 48*z - 109. Calculate k(-34).
367
Let p(u) = u**3 - 395*u**2 - 864*u + 27787. What is p(397)?
-3
Let o(x) = 27*x - 30. What is o(-7)?
-219
Let r(y) = 25*y**2 - 2*y - 5. Give r(-1).
22
Let k(c) = 2*c**2 + 50*c + 30. Calculate k(-24).
-18
Let v(z) = z**3 + 3*z**2 + 70*z + 287. Give v(-4).
-9
Let l(f) = 17*f**2 + 11*f + 83. Calculate l(-4).
311
Let g(c) = -86*c + 949. Give g(11).
3
Let q(r) = 8*r**2 + 16*r + 59. What is q(-6)?
251
Let t(z) = -1272*z + 12721. What is t(10)?
1
Let w(b) = -b**3 + 63*b**2 - 485*b - 22. What is w(9)?
-13
Let d(i) = -3*i**3 + 7*i**2 + 3*i - 5. Give d(5).
-190
Let c(k) = -2*k**2 + 86*k - 9. Calculate c(0).
-9
Let w(t) = -39*t - 775. Determine w(-21).
44
Let l(c) = -60*c - 1209. Give l(-31).
651
Let p(i) = -i**3 - 42*i**2 - 413*i - 232. Calculate p(-27).
-16
Let c(g) = -g**2 + 40*g - 118. Calculate c(6).
86
Let c(i) = -i**3 - 52*i**2 + 628*i + 503. What is c(-62)?
7
Let l(u) = u**3 - 38*u**2 - 364*u - 167. Calculate l(46).
17
Let u(s) = -3*s**2 + 538*s - 3639. Determine u(7).
-20
Let b(s) = -251*s + 1660. What is b(7)?
-97
Let t(h) = -59*h**2 - 121*h - 15. Calculate t(-2).
-9
Let x(b) = -3*b**3 - 3*b**2 - 33*b - 7. What is x(0)?
-7
Let o(p) = -p**3 - 19*p**2 + 53*p + 257. Give o(-21).
26
Let f(q) = 2165*q + 17400. Determine f(-8).
80
Let r(u) = -33*u**2 - 4*u - 16. Determine r(-2).
-140
Let n(g) = g**3 + 13*g**2 - 207*g - 228. What is n(-22)?
-30
Let i(f) = -f**2 + 2923*f - 58069. Give i(20).
-9
Let r(t) = -6656*t - 33288. Give r(-5).
-8
Let q(i) = i**2 + 68*i - 729. Determine q(10).
51
Let s(a) = 25*a + 378. What is s(-17)?
-47
Let s(c) = -c**2 - 45*c - 460. What is s(-16)?
4
Let s(o) = -3*o**2 + 6*o + 272. Give s(12).
-88
Let o(a) = a**3 + 16*a**2 + 49*a - 52. What is o(-11)?
14
Let l(b) = 2*b**3 - 5*b**2 - 13. Give l(4).
35
Let l(r) = 4*r**3 - 62*r**2 - 5*r - 328. What is l(16)?
104
Let u(y) = y**3 + 14*y**2 + 13*y - 141. Determine u(-12).
-9
Let h(q) = q**2 + 26*q - 1682. Give h(-56).
-2
Let w(v) = -2*v**2 + 265*v - 7620. What is w(90)?
30
Let j(o) = 73*o - 300. Give j(5).
65
Let o(b) = 11*b**3 + 2*b**2 + 5*b + 14. Calculate o(-2).
-76
Let m(q) = q**3 - 169*q**2 + 988*q - 1619. Determine m(163).
11
Let m(w) = -2*w**3 - 3*w**2 + 8*w + 1. Determine m(0).
1
Let v(j) = j**2 + 11*j - 7. Give v(8).
145
Let m(h) = -h**2 - 20*h - 110. Determine m(-8).
-14
Let b(m) = -178*m - 55344. Calculate b(-311).
14
Let d(w) = 33*w - 1383. Give d(42).
3
Let w(l) = 1109*l - 26639. Determine w(24).
-23
Let s(p) = 4*p**2 + 4*p + 6. Calculate s(6).
174
Let x(j) = -j**2 + 764*j - 6053. Calculate x(8).
-5
Let c(b) = -27*b + 402. Give c(14).
24
Let z(r) = r**3 - 7*r**2 - 60*r + 293. What is z(4)?
5
Let d(v) = v**2 + 28*v - 724. What is d(-45)?
41
Let b(d) = 16*d**3 + 31*d**2 - d + 6. Determine b(-2).
4
Let d(p) = -130*p + 10. Calculate d(5).
-640
Let t(n) = -n**2 + 198*n - 1332. What is t(7)?
5
Let f(m) = 16*m**2 - 107*m + 397. What is f(4)?
225
Let o(k) = 169*k + 6578. Calculate o(-39).
-13
Let b(i) = -31*i - 1034. Determine b(-34).
20
Let b(m) = -2*m**2 - 10*m - 19. Determine b(-10).
-119
Let l(j) = -145*j + 259. Determine l(1).
114
Let f(p) = 5*p**2 - 30*p + 60. What is f(2)?
20
Let l(o) = 21*o - 139. Give l(6).
-13
Let k(m) = m**3 + 15*m**2 - 349*m - 4614. What is k(-12)?
6
Let r(s) = 19*s + 60. Determine r(-10).
-130
Let z(s) = s**2 + 58*s + 65. What is z(-57)?
8
Let d(s) = -4*s**2 - 16*s + 37. Give d(4).
-91
Let g(x) = -x**3 + 22*x**2 - 36*x - 49. What is g(20)?
31
Let p(c) = c**2 + 43*c - 83. Determine p(-45).
7
Let s(v) = v**2 - 42*v - 548. Calculate s(-11).
35
Let p(b) = 25*b**2 + 333*b - 1982. What is p(6)?
916
Let w(d) = 14*d**2 - 4*d - 25. Calculate w(-4).
215
Let f(p) = -562*p - 73068. What is f(-130)?
-8
Let k(g) = -21*g**2 + 354*g + 57. What is k(17)?
6
Let t(w) = -768*w - 2023. What is t(-3)?
281
Let j(a) = -4*a**3 - 38*a**2 - 24*a - 49. Calculate j(-9).
5
Let h(p) = -6*p**3 - p**2 + 8*p + 1. Calculate h(3).
-146
Let z(i) = -425*i + 858. What is z(2)?
8
Let z(f) = -2248*f + 40481. Give z(18).
17
Let q(s) = -s**3 + 68*s**2 - 543*s + 29. Calculate q(9).
-79
Let y(j) = 3*j**2 + 28*j + 76. Determine y(-4).
12
Let m(b) = -113*b + 329. What is m(3)?
-10
Let q(p) = -10*p**3 + 3*p**2 + 3*p - 5. Calculate q(2).
-67
Let g(t) = -14*t**2 + 155*t - 23. Determine g(11).
-12
Let p(m) = -711*m + 6403. What is p(9)?
4
Let l(h) = h**2 + 251*h - 11982. What is l(41)?
-10
Let y(z) = -z**3 - 33*z**2 + 66*z - 153. Calculate y(-35).
-13
Let q(b) = -b**2 - 51*b - 417. What is q(-9)?
-39
Let m(j) = -j**3 + 121*j**2 - 1306*j - 222. Give m(109).
-4
Let b(q) = 106*q + 433. What is b(-4)?
9
Let t(k) = -66*k**3 + 3*k**2 - 4*k + 1. Calculate t(1).
-66
Let g(i) = 519*i - 39969. Calculate g(77).
-6
Let g(x) = 13*x - 893. Calculate g(67).
-22
Let i(r) = -r**3 - 4*r**2 + 24*r + 56. What is i(-3)?
-25
Let v(s) = -13*s + 1414. Give v(106).
36
Let q(p) = p**3 + 9*p**2 - 10*p - 10. Give q(-10).
-10
Let g(k) = 2*k**3 - 33*k**2 - 49*k - 82. Determine g(18).
8
Let j(f) = -2*f**3 - 165*f**2 + 94*f + 898. Calculate j(-83).
-15
Let f(q) = q**3 + 158*q - 5. Give f(0).
-5
Let r(s) = 208*s - 5843. Give r(28).
-19
Let w(o) = o**3 - 9*o**2 + 3*o + 10. Give w(4).
-58
Let l(n) = n**3 - 13*n**2 - 139*n - 601. Determine l(21).
8
Let l(t) = -2*t**3 + 47*t**2 - 68*t + 22. What is l(22)?
-22
Let h(m) = -2*m**2 - 30*m - 82. Determine h(-9).
26
Let x(i) = -i**3 - 101*i**2 - 110*i - 993. Give x(-100).
7
Let m(d) = -13*d**2 + 67*d - 3. What is m(5)?
7
Let g(x) = 7377*x - 125416. Calculate g(17).
-7
Let l(p) = -p**3 + 150*p**2 - 10*p + 1508. What is l(150)?
8
Let x(m) = 2*m**2 - m - 2. Calculate x(-9).
169
Let f(q) = -2*q**3 - 7*q**2 + 350*q + 61. Calculate f(-15).
-14
Let a(i) = i**3 - 43*i**2 - 145*i + 60. Determine a(46).
-262
Let p(f) = 213*f - 22815. Calculate p(107).
-24
Let d(s) = 29*s - 546. Determine d(19).
5
Let u(y) = 77*y + 11. Give u(3).
242
Let p(h) = 5*h**2 + 141*h + 40. Give p(-28).
12
Let m(x) = 12*x + 16. What is m(10)?
136
Let z(k) = 204*k - 610. What is z(3)?
2
Let w(g) = g**3 - 8*g**2 + 4*g - 2. What is w(7)?
-23
Let f(u) = -u**2 + 16*u + 32. What is f(-11)?
-265
Let h(g) = g**3 - 3*g**2 - 95*g + 348. What is h(4)?
-16
Let q(x) = -686*x + 2454. Give q(4).
-290
Let o(r) = -r - 33. What is o(-10)?
-23
Let n(p) = p**3 + 16*p**2 + 20*p + 321. Give n(-16).
1
Let p(u) = -2*u**2 - 291*u - 8383. What is p(-106)?
-9
Let j(b) = 86*b - 853. Give j(10).
7
Let h(z) = -2*z**2 - 51*z + 16